{"id":1587,"date":"2022-07-09T04:42:59","date_gmt":"2022-07-09T04:42:59","guid":{"rendered":"https:\/\/sabormarinoamazonas.com\/?page_id=1587"},"modified":"2022-07-09T07:14:17","modified_gmt":"2022-07-09T07:14:17","slug":"reconocimientos","status":"publish","type":"page","link":"https:\/\/sabormarinoamazonas.com\/?page_id=1587","title":{"rendered":"Reconocimientos"},"content":{"rendered":"\n<div class=\"wp-block-cover alignfull\" style=\"padding-top:40px;padding-right:40px;padding-bottom:40px;padding-left:40px;min-height:1846px\"><span aria-hidden=\"true\" class=\"wp-block-cover__background has-ast-global-color-6-background-color has-background-dim-100 has-background-dim\"><\/span><div class=\"wp-block-cover__inner-container\">\n<h1 class=\"has-text-align-center has-ast-global-color-5-color has-text-color has-x-large-font-size\">Reconocimientos<\/h1>\n\n\n\n<p class=\"has-text-align-center\">RECREO MARISQUER\u00cdA &#8220;SABOR MARINO&#8221;<\/p>\n\n\n\n<p class=\"has-text-align-center\">Promoviendo el turismo peruano a trav\u00e9s de nuestra legendaria y sabrosa gastronom\u00eda.<\/p>\n\n\n\n<div class=\"wp-block-cover aligncenter is-light\" style=\"min-height:365px\"><span aria-hidden=\"true\" class=\"wp-block-cover__background has-background-dim-0 has-background-dim\"><\/span><img loading=\"lazy\" width=\"2560\" height=\"1440\" class=\"wp-block-cover__image-background wp-image-1590\" alt=\"\" src=\"http:\/\/sabormarinoamazonas.com\/wp-content\/uploads\/2022\/07\/gold-cup-award-business-concepts-cup-on-blue-background-victory-concepts-edited-scaled.jpg\" data-object-fit=\"cover\" srcset=\"https:\/\/sabormarinoamazonas.com\/wp-content\/uploads\/2022\/07\/gold-cup-award-business-concepts-cup-on-blue-background-victory-concepts-edited-scaled.jpg 2560w, https:\/\/sabormarinoamazonas.com\/wp-content\/uploads\/2022\/07\/gold-cup-award-business-concepts-cup-on-blue-background-victory-concepts-edited-300x169.jpg 300w, https:\/\/sabormarinoamazonas.com\/wp-content\/uploads\/2022\/07\/gold-cup-award-business-concepts-cup-on-blue-background-victory-concepts-edited-1024x576.jpg 1024w, https:\/\/sabormarinoamazonas.com\/wp-content\/uploads\/2022\/07\/gold-cup-award-business-concepts-cup-on-blue-background-victory-concepts-edited-768x432.jpg 768w, https:\/\/sabormarinoamazonas.com\/wp-content\/uploads\/2022\/07\/gold-cup-award-business-concepts-cup-on-blue-background-victory-concepts-edited-1536x864.jpg 1536w, https:\/\/sabormarinoamazonas.com\/wp-content\/uploads\/2022\/07\/gold-cup-award-business-concepts-cup-on-blue-background-victory-concepts-edited-2048x1152.jpg 2048w\" sizes=\"(max-width: 2560px) 100vw, 2560px\" \/><div class=\"wp-block-cover__inner-container\">\n<p class=\"has-text-align-center has-large-font-size\"><\/p>\n<\/div><\/div>\n\n\n\n<hr class=\"wp-block-separator has-text-color has-ast-global-color-0-color has-alpha-channel-opacity has-ast-global-color-0-background-color has-background is-style-wide\"\/>\n\n\n\n<hr class=\"wp-block-separator aligncenter has-alpha-channel-opacity is-style-default\"\/>\n\n\n\n<h2 class=\"has-text-align-center has-ast-global-color-5-color has-text-color\">LABOR Y PROMOCI\u00d3N GASTRON\u00d3MICA<\/h2>\n\n\n\n<hr class=\"wp-block-separator aligncenter has-alpha-channel-opacity is-style-default\"\/>\n\n\n\n<div class=\"wp-container-5 wp-block-columns\">\n<div class=\"wp-container-3 wp-block-column\" style=\"flex-basis:703px\">\n<figure class=\"wp-container-2 wp-block-gallery-1 wp-block-gallery has-nested-images columns-default is-cropped\">\n<figure class=\"wp-block-image size-full\"><img loading=\"lazy\" width=\"640\" height=\"1420\" src=\"https:\/\/sabormarinoamazonas.com\/wp-content\/uploads\/2022\/07\/182843275_4232626816818747_3478285061655522671_n.jpg\" alt=\"\" class=\"wp-image-1652\" srcset=\"https:\/\/sabormarinoamazonas.com\/wp-content\/uploads\/2022\/07\/182843275_4232626816818747_3478285061655522671_n.jpg 640w, https:\/\/sabormarinoamazonas.com\/wp-content\/uploads\/2022\/07\/182843275_4232626816818747_3478285061655522671_n-135x300.jpg 135w, https:\/\/sabormarinoamazonas.com\/wp-content\/uploads\/2022\/07\/182843275_4232626816818747_3478285061655522671_n-462x1024.jpg 462w\" sizes=\"(max-width: 640px) 100vw, 640px\" \/><\/figure>\n\n\n\n<figure class=\"wp-block-image size-full is-style-default\"><img loading=\"lazy\" width=\"640\" height=\"1420\" src=\"https:\/\/sabormarinoamazonas.com\/wp-content\/uploads\/2022\/07\/185327150_4232626903485405_8218953752919187467_n.jpg\" alt=\"\" class=\"wp-image-1651\" srcset=\"https:\/\/sabormarinoamazonas.com\/wp-content\/uploads\/2022\/07\/185327150_4232626903485405_8218953752919187467_n.jpg 640w, https:\/\/sabormarinoamazonas.com\/wp-content\/uploads\/2022\/07\/185327150_4232626903485405_8218953752919187467_n-135x300.jpg 135w, https:\/\/sabormarinoamazonas.com\/wp-content\/uploads\/2022\/07\/185327150_4232626903485405_8218953752919187467_n-462x1024.jpg 462w\" sizes=\"(max-width: 640px) 100vw, 640px\" \/><\/figure>\n\n\n\n<figure class=\"wp-block-image size-full is-style-default\"><img loading=\"lazy\" width=\"640\" height=\"1422\" src=\"https:\/\/sabormarinoamazonas.com\/wp-content\/uploads\/2022\/07\/216042089_4232929603455135_6645407044887577675_n-1.jpg\" alt=\"\" class=\"wp-image-1653\" srcset=\"https:\/\/sabormarinoamazonas.com\/wp-content\/uploads\/2022\/07\/216042089_4232929603455135_6645407044887577675_n-1.jpg 640w, https:\/\/sabormarinoamazonas.com\/wp-content\/uploads\/2022\/07\/216042089_4232929603455135_6645407044887577675_n-1-135x300.jpg 135w, https:\/\/sabormarinoamazonas.com\/wp-content\/uploads\/2022\/07\/216042089_4232929603455135_6645407044887577675_n-1-461x1024.jpg 461w\" sizes=\"(max-width: 640px) 100vw, 640px\" \/><\/figure>\n<\/figure>\n<\/div>\n\n\n\n<div class=\"wp-container-4 wp-block-column is-vertically-aligned-center\">\n<p class=\"has-ast-global-color-5-color has-text-color\">Todo esto se logr\u00f3 gracias a ustedes y al constante apoyo que d\u00eda a d\u00eda nos dan para mantener viva nuestra gastronom\u00eda peruana.<\/p>\n\n\n\n<p class=\"has-ast-global-color-5-color has-text-color\">Gracias al pueblo de Bagua por el apoyo.<\/p>\n\n\n\n<p class=\"has-ast-global-color-5-color has-text-color\">Vis\u00edtenos todos los d\u00edas de lunes a domingo en nuestro amplio local y disfruten de los diferentes frutos del mar.<\/p>\n\n\n\n<figure class=\"wp-block-image size-full is-resized\"><img loading=\"lazy\" src=\"http:\/\/sabormarinoamazonas.com\/wp-content\/uploads\/2022\/07\/cropped-recurso-7-2_edited-1.png\" alt=\"\" class=\"wp-image-1654\" width=\"275\" height=\"100\" srcset=\"https:\/\/sabormarinoamazonas.com\/wp-content\/uploads\/2022\/07\/cropped-recurso-7-2_edited-1.png 326w, https:\/\/sabormarinoamazonas.com\/wp-content\/uploads\/2022\/07\/cropped-recurso-7-2_edited-1-300x109.png 300w\" sizes=\"(max-width: 275px) 100vw, 275px\" \/><\/figure>\n\n\n\n<h3 class=\"has-ast-global-color-5-color has-text-color\" style=\"font-size:32px\">Cesareo Camus Avalos<\/h3>\n<\/div>\n<\/div>\n\n\n\n<hr class=\"wp-block-separator has-alpha-channel-opacity is-style-wide\"\/>\n\n\n\n<h2 class=\"has-text-align-center has-ast-global-color-5-color has-text-color\">NUESTRO MASTER CHEF<\/h2>\n\n\n\n<hr class=\"wp-block-separator aligncenter has-alpha-channel-opacity is-style-default\"\/>\n\n\n\n<div class=\"wp-container-7 wp-block-columns\">\n<div class=\"wp-container-6 wp-block-column\" style=\"flex-basis:100%\">\n<figure class=\"wp-block-image aligncenter is-resized is-style-default\" style=\"border-radius:0px\"><img loading=\"lazy\" src=\"https:\/\/sabormarinoamazonas.com\/wp-content\/uploads\/2022\/07\/67473457_2410333799048067_2945690228901281792_n-1-edited-1.jpg\" alt=\"\" class=\"wp-image-1693\" width=\"414\" height=\"414\" srcset=\"https:\/\/sabormarinoamazonas.com\/wp-content\/uploads\/2022\/07\/67473457_2410333799048067_2945690228901281792_n-1-edited-1.jpg 756w, https:\/\/sabormarinoamazonas.com\/wp-content\/uploads\/2022\/07\/67473457_2410333799048067_2945690228901281792_n-1-edited-1-300x300.jpg 300w, https:\/\/sabormarinoamazonas.com\/wp-content\/uploads\/2022\/07\/67473457_2410333799048067_2945690228901281792_n-1-edited-1-150x150.jpg 150w\" sizes=\"(max-width: 414px) 100vw, 414px\" \/><figcaption><mark style=\"background-color:rgba(0, 0, 0, 0)\" class=\"has-inline-color has-ast-global-color-5-color\">Cesareo Camus Avalos<\/mark><mark style=\"background-color:rgba(0, 0, 0, 0)\" class=\"has-inline-color has-ast-global-color-4-color\"><br><\/mark><mark style=\"background-color:rgba(0, 0, 0, 0)\" class=\"has-inline-color has-ast-global-color-5-color\">Fundador y Chef<\/mark><br><a href=\"https:\/\/www.facebook.com\/WixEspanol\" target=\"_blank\" rel=\"noreferrer noopener\"><\/a><\/figcaption><\/figure>\n<\/div>\n<\/div>\n<\/div><\/div>\n","protected":false},"excerpt":{"rendered":"","protected":false},"author":1,"featured_media":0,"parent":0,"menu_order":0,"comment_status":"closed","ping_status":"closed","template":"","meta":{"om_disable_all_campaigns":false,"_monsterinsights_skip_tracking":false,"_monsterinsights_sitenote_active":false,"_monsterinsights_sitenote_note":"","_monsterinsights_sitenote_category":0,"site-sidebar-layout":"no-sidebar","site-content-layout":"plain-container","ast-global-header-display":"","ast-main-header-display":"","ast-hfb-above-header-display":"","ast-hfb-below-header-display":"","ast-hfb-mobile-header-display":"","site-post-title":"disabled","ast-breadcrumbs-content":"","ast-featured-img":"","footer-sml-layout":"","theme-transparent-header-meta":"","adv-header-id-meta":"","stick-header-meta":"","header-above-stick-meta":"","header-main-stick-meta":"","header-below-stick-meta":""},"uagb_featured_image_src":{"full":false,"thumbnail":false,"medium":false,"medium_large":false,"large":false,"1536x1536":false,"2048x2048":false},"uagb_author_info":{"display_name":"sabormarinobagua","author_link":"https:\/\/sabormarinoamazonas.com\/?author=1"},"uagb_comment_info":0,"uagb_excerpt":null,"_links":{"self":[{"href":"https:\/\/sabormarinoamazonas.com\/index.php?rest_route=\/wp\/v2\/pages\/1587"}],"collection":[{"href":"https:\/\/sabormarinoamazonas.com\/index.php?rest_route=\/wp\/v2\/pages"}],"about":[{"href":"https:\/\/sabormarinoamazonas.com\/index.php?rest_route=\/wp\/v2\/types\/page"}],"author":[{"embeddable":true,"href":"https:\/\/sabormarinoamazonas.com\/index.php?rest_route=\/wp\/v2\/users\/1"}],"replies":[{"embeddable":true,"href":"https:\/\/sabormarinoamazonas.com\/index.php?rest_route=%2Fwp%2Fv2%2Fcomments&post=1587"}],"version-history":[{"count":70,"href":"https:\/\/sabormarinoamazonas.com\/index.php?rest_route=\/wp\/v2\/pages\/1587\/revisions"}],"predecessor-version":[{"id":1698,"href":"https:\/\/sabormarinoamazonas.com\/index.php?rest_route=\/wp\/v2\/pages\/1587\/revisions\/1698"}],"wp:attachment":[{"href":"https:\/\/sabormarinoamazonas.com\/index.php?rest_route=%2Fwp%2Fv2%2Fmedia&parent=1587"}],"curies":[{"name":"wp","href":"https:\/\/api.w.org\/{rel}","templated":true}]}}